{"id":53,"date":"2012-11-20T19:33:42","date_gmt":"2012-11-20T19:33:42","guid":{"rendered":"http:\/\/s441854621.onlinehome.us\/?page_id=53"},"modified":"2019-10-12T11:28:22","modified_gmt":"2019-10-12T11:28:22","slug":"the-bronze-age-koros-off-tell-archaeology-bakota-project","status":"publish","type":"page","link":"https:\/\/paulrduffy.com\/?page_id=53","title":{"rendered":"The Bronze Age K\u00f6r\u00f6s Off-Tell Archaeology (BAKOTA) Project"},"content":{"rendered":"<p><a href=\"https:\/\/paulrduffy.com\/resources\/Duffy_2010_Dissertation.pdf\" target=\"_blank\" rel=\"noopener noreferrer\">My dissertation<\/a>\u00a0research evaluated the common claim that Middle Bronze Age societies in eastern Hungary (c. 2150-1400 BC) were chiefdoms with craft production and an elite class based at fortified tell sites. During this classical phase of the Bronze Age, the Ottom\u00e1ny (Otomani) and Gyulavars\u00e1nd cultures were responsible for producing exquisite metal artefacts and\u00a0ornately decorated ceramics. In many instances, fortified sites not only formed tell deposits, but large occupations grew around them, resulting in regional centers in a site size hierarchy. Nonetheless, excavation bias favouring stratified tells has yielded a lop-sided picture of societies in this region.<\/p>\n<p><strong>The Bronze Age K\u00f6r\u00f6s Off-Tell Archaeology (BAKOTA)<\/strong> <strong>project<\/strong> was initiated in 2006 to rectify the imbalance, using measures for chiefdoms to ascertain the extent of social inequalities. Excavation at a small hamlet, Tarhos Gyepesi \u00c1tkel\u0151 (Tarhos 26), produced house data for comparison to tell sites. The dimensions of the identified structure and the materials used to make it were all within the range of houses known from fortified sites. The midden debris and contents of the house didn\u2019t differ in significant ways from the diet and material culture known from tell sites nearby either.<\/p>\n<div id=\"attachment_317\" style=\"width: 310px\" class=\"wp-caption alignright\"><a href=\"https:\/\/paulrduffy.com\/?attachment_id=317\" rel=\"attachment wp-att-317\"><img loading=\"lazy\" decoding=\"async\" aria-describedby=\"caption-attachment-317\" class=\"size-medium wp-image-317\" src=\"https:\/\/paulrduffy.com\/wp-content\/uploads\/2019\/10\/Tar1_catchmentcolour_800_2-300x249.jpg\" alt=\"\" width=\"300\" height=\"249\" srcset=\"https:\/\/paulrduffy.com\/wp-content\/uploads\/2019\/10\/Tar1_catchmentcolour_800_2-300x249.jpg 300w, https:\/\/paulrduffy.com\/wp-content\/uploads\/2019\/10\/Tar1_catchmentcolour_800_2-768x638.jpg 768w, https:\/\/paulrduffy.com\/wp-content\/uploads\/2019\/10\/Tar1_catchmentcolour_800_2.jpg 958w\" sizes=\"auto, (max-width: 300px) 100vw, 300px\" \/><\/a><p id=\"caption-attachment-317\" class=\"wp-caption-text\">Farming catchments at B\u00e9k\u00e9s-V\u00e1rdomb Cluster (Tarhos 1 and surrounding sites). In the lower K\u00f6r\u00f6s basin, very small differences in topography determine which areas would have been dry enough to farm (in green). Intensive garden agriculture would have characterized food production close to the settlement, but plough agriculture could have been used in a larger catchment (Image credit: P. Duffy)<\/p><\/div>\n<p>A catchment analysis and population estimate for several fortified sites in the lower K\u00f6r\u00f6s basin indicated that although villages may have swelled to 500 people in rare instances, at no point did the village\u2019s caloric needs exceed the productive capacities of the catchments. This weighs against the idea that the fortified regional centers needed to extract agricultural surplus from villages in the hinterland to support its population.<\/p>\n<p>Analyses of metallurgical slag collected from tell sites and outlying villages also weigh in on our understanding of metallurgical practices in the region. Research by Dr. Christopher Papalas established that slags identified on both types of sites resulted from the primary smelting of ores. Bronze production was therefore not monopolized by the fortified centers, and ores may have been traded over long distances or obtained through direct procurement.<\/p>\n","protected":false},"excerpt":{"rendered":"<p>My dissertation\u00a0research evaluated the common claim that Middle Bronze Age societies in eastern Hungary (c. 2150-1400 BC) were chiefdoms with craft production and an elite class based at fortified tell sites. During this classical phase of the Bronze Age, the Ottom\u00e1ny (Otomani) and Gyulavars\u00e1nd cultures were responsible for producing exquisite metal artefacts and\u00a0ornately decorated ceramics. [&#8230;]<\/p>\n","protected":false},"author":1,"featured_media":132,"parent":17,"menu_order":0,"comment_status":"closed","ping_status":"closed","template":"","meta":{"footnotes":""},"class_list":["post-53","page","type-page","status-publish","has-post-thumbnail","hentry"],"_links":{"self":[{"href":"https:\/\/paulrduffy.com\/index.php?rest_route=\/wp\/v2\/pages\/53","targetHints":{"allow":["GET"]}}],"collection":[{"href":"https:\/\/paulrduffy.com\/index.php?rest_route=\/wp\/v2\/pages"}],"about":[{"href":"https:\/\/paulrduffy.com\/index.php?rest_route=\/wp\/v2\/types\/page"}],"author":[{"embeddable":true,"href":"https:\/\/paulrduffy.com\/index.php?rest_route=\/wp\/v2\/users\/1"}],"replies":[{"embeddable":true,"href":"https:\/\/paulrduffy.com\/index.php?rest_route=%2Fwp%2Fv2%2Fcomments&post=53"}],"version-history":[{"count":11,"href":"https:\/\/paulrduffy.com\/index.php?rest_route=\/wp\/v2\/pages\/53\/revisions"}],"predecessor-version":[{"id":318,"href":"https:\/\/paulrduffy.com\/index.php?rest_route=\/wp\/v2\/pages\/53\/revisions\/318"}],"up":[{"embeddable":true,"href":"https:\/\/paulrduffy.com\/index.php?rest_route=\/wp\/v2\/pages\/17"}],"wp:featuredmedia":[{"embeddable":true,"href":"https:\/\/paulrduffy.com\/index.php?rest_route=\/wp\/v2\/media\/132"}],"wp:attachment":[{"href":"https:\/\/paulrduffy.com\/index.php?rest_route=%2Fwp%2Fv2%2Fmedia&parent=53"}],"curies":[{"name":"wp","href":"https:\/\/api.w.org\/{rel}","templated":true}]}}